{"id":10217,"date":"2022-11-17T12:24:29","date_gmt":"2022-11-17T11:24:29","guid":{"rendered":"https:\/\/www.carseatsandparts.com\/?post_type=product&#038;p=10217"},"modified":"2024-12-04T11:21:10","modified_gmt":"2024-12-04T10:21:10","slug":"interieur-vw-golf-7-gti-tcr-alcantara-stof-grijs-rood-5-deurs","status":"publish","type":"product","link":"https:\/\/www.carseatsandparts.com\/de\/produkt\/interieur-vw-golf-7-gti-tcr-alcantara-stof-grijs-rood-5-deurs\/","title":{"rendered":"Innenausstattung VW Golf 7 GTI TCR Alcantara\/Stoff Grau\/Rot (5-t\u00fcrig)"},"content":{"rendered":"<p>Innenausstattung Volkswagen 7 GTI TCR ausgef\u00fchrt in einer Kombination aus Alcantara und Stoff in der Farbe grau und rot. Plug-and-Play-Installation in einem Golf 7, der Innenraum kommt aus einem Demo-Auto und ist so gut wie neu, abgesehen von ein paar kleinen Sch\u00e4den aus der Demontage. Diese sind auf den Bildern zu sehen. Ausstattung: manuelle H\u00f6henverstellung, manuelle Lendenwirbelst\u00fctze und eine manuelle R\u00fcckenlehnenverstellung. Die Airbags und Sicherheitsgurte sind bei dieser Innenausstattung im Originalzustand.<\/p>","protected":false},"excerpt":{"rendered":"Interieur Volkswagen 7 GTI TCR in einer Kombination von Alcantara \/ Stoff grau rot fertig. Plug-and-Play-Installation in einem Golf 7, der Innenraum stammt aus einem Demo-Auto und ist so gut wie neu, abgesehen von ein paar kleinen Sch\u00e4den aus der Demontage. Diese sind auf den Bildern zu sehen. Ausstattung: manuelle H\u00f6henverstellung, manuelle Lendenwirbelst\u00fctze und eine manuelle R\u00fcckenlehnenverstellung. Airbags sind in dieser Innenausstattung enthalten. Bitte beachten Sie: Bei dieser Innenausstattung sind keine T\u00fcrverkleidungen enthalten!","protected":false},"featured_media":6971,"comment_status":"open","ping_status":"closed","template":"","meta":{"_acf_changed":false},"product_brand":[],"product_cat":[1355,115],"product_tag":[787,976,972,977,978,973],"class_list":{"0":"post-10217","1":"product","2":"type-product","3":"status-publish","4":"has-post-thumbnail","6":"product_cat-volkswagen","7":"product_cat-demo-interieurs","8":"product_tag-787","9":"product_tag-golf-7","10":"product_tag-interieur","11":"product_tag-mk7","12":"product_tag-tcr","13":"product_tag-volkswagen","14":"product_shipping_class-auto-interieurs","16":"first","17":"outofstock","18":"taxable","19":"shipping-taxable","20":"purchasable","21":"product-type-simple"},"composite_virtual":false,"composite_layout":"","composite_add_to_cart_form_location":"","composite_editable_in_cart":false,"composite_sold_individually_context":"","composite_shop_price_calc":"","composite_components":[],"composite_scenarios":[],"exclude_global_add_ons":[],"addons":[],"acf":[],"yoast_head":null,"yoast_head_json":null,"_links":{"self":[{"href":"https:\/\/www.carseatsandparts.com\/de\/wp-json\/wp\/v2\/product\/10217","targetHints":{"allow":["GET"]}}],"collection":[{"href":"https:\/\/www.carseatsandparts.com\/de\/wp-json\/wp\/v2\/product"}],"about":[{"href":"https:\/\/www.carseatsandparts.com\/de\/wp-json\/wp\/v2\/types\/product"}],"replies":[{"embeddable":true,"href":"https:\/\/www.carseatsandparts.com\/de\/wp-json\/wp\/v2\/comments?post=10217"}],"wp:featuredmedia":[{"embeddable":true,"href":"https:\/\/www.carseatsandparts.com\/de\/wp-json\/wp\/v2\/media\/6971"}],"wp:attachment":[{"href":"https:\/\/www.carseatsandparts.com\/de\/wp-json\/wp\/v2\/media?parent=10217"}],"wp:term":[{"taxonomy":"product_brand","embeddable":true,"href":"https:\/\/www.carseatsandparts.com\/de\/wp-json\/wp\/v2\/product_brand?post=10217"},{"taxonomy":"product_cat","embeddable":true,"href":"https:\/\/www.carseatsandparts.com\/de\/wp-json\/wp\/v2\/product_cat?post=10217"},{"taxonomy":"product_tag","embeddable":true,"href":"https:\/\/www.carseatsandparts.com\/de\/wp-json\/wp\/v2\/product_tag?post=10217"}],"curies":[{"name":"wp","href":"https:\/\/api.w.org\/{rel}","templated":true}]}}

Innenausstattung VW Golf 7 GTI TCR Alcantara/Stoff Grau/Rot (5-türig)

<p>Innenausstattung Volkswagen 7 GTI TCR ausgeführt in einer Kombination aus Alcantara und Stoff in der Farbe grau und rot. Plug-and-Play-Installation in einem Golf 7, der Innenraum kommt aus einem Demo-Auto und ist so gut wie neu, abgesehen von ein paar kleinen Schäden aus der Demontage. Diese sind auf den Bildern zu sehen. Ausstattung: manuelle Höhenverstellung, manuelle Lendenwirbelstütze und eine manuelle Rückenlehnenverstellung. Die Airbags und Sicherheitsgurte sind bei dieser Innenausstattung im Originalzustand.</p>

Interieur Volkswagen 7 GTI TCR in einer Kombination von Alcantara / Stoff grau rot fertig. Plug-and-Play-Installation in einem Golf 7, der Innenraum stammt aus einem Demo-Auto und ist so gut wie neu, abgesehen von ein paar kleinen Schäden aus der Demontage. Diese sind auf den Bildern zu sehen. Ausstattung: manuelle Höhenverstellung, manuelle Lendenwirbelstütze und eine manuelle Rückenlehnenverstellung. Airbags sind in dieser Innenausstattung enthalten. Bitte beachten Sie: Bei dieser Innenausstattung sind keine Türverkleidungen enthalten!
