{"id":10288,"date":"2022-12-15T12:58:09","date_gmt":"2022-12-15T11:58:09","guid":{"rendered":"https:\/\/www.carseatsandparts.com\/?post_type=product&#038;p=10288"},"modified":"2025-08-29T04:56:47","modified_gmt":"2025-08-29T02:56:47","slug":"interieur-vw-golf-7-gte-stof-zwart-grijs-blauw","status":"publish","type":"product","link":"https:\/\/www.carseatsandparts.com\/es\/producto\/interieur-vw-golf-7-gte-stof-zwart-grijs-blauw\/","title":{"rendered":"Interior VW Golf 7 GTE Tela Negro\/Gris\/Azul"},"content":{"rendered":"<p>Interior Volkswagen Golf 7 GTE acabado en tejido negro\/gris\/azul con estampado de cuadros y costuras azules. Instalaci\u00f3n plug and play en un Golf 7. El interior procede de un coche de demostraci\u00f3n y est\u00e1 como nuevo. Caracter\u00edsticas: calefacci\u00f3n, ajuste manual de altura y \u00e1ngulo, soporte lumbar manual y un ajuste manual del respaldo. Los airbags y cinturones de seguridad est\u00e1n todav\u00eda en estado original con este interior.<\/p>","protected":false},"excerpt":{"rendered":"Interior Volkswagen Golf 7 GTE acabado en tejido negro\/gris\/azul con estampado de cuadros y costuras azules. Instalaci\u00f3n plug and play en un Golf 7. El interior procede de un coche de demostraci\u00f3n y est\u00e1 como nuevo. Caracter\u00edsticas: calefacci\u00f3n, ajuste manual de altura y \u00e1ngulo, soporte lumbar manual y un ajuste manual del respaldo. Los airbags y cinturones de seguridad est\u00e1n todav\u00eda en estado original con este interior.","protected":false},"featured_media":10931,"comment_status":"open","ping_status":"closed","template":"","meta":{"_acf_changed":false},"product_brand":[],"product_cat":[115,1355],"product_tag":[924,976,988,972,977,973],"class_list":{"0":"post-10288","1":"product","2":"type-product","3":"status-publish","4":"has-post-thumbnail","6":"product_cat-demo-interieurs","7":"product_cat-volkswagen","8":"product_tag-924","9":"product_tag-golf-7","10":"product_tag-gte","11":"product_tag-interieur","12":"product_tag-mk7","13":"product_tag-volkswagen","14":"product_shipping_class-auto-interieurs","16":"first","17":"outofstock","18":"taxable","19":"shipping-taxable","20":"purchasable","21":"product-type-simple"},"composite_virtual":false,"composite_layout":"","composite_add_to_cart_form_location":"","composite_editable_in_cart":false,"composite_sold_individually_context":"","composite_shop_price_calc":"","composite_components":[],"composite_scenarios":[],"exclude_global_add_ons":[],"addons":[],"acf":[],"yoast_head":null,"yoast_head_json":null,"_links":{"self":[{"href":"https:\/\/www.carseatsandparts.com\/es\/wp-json\/wp\/v2\/product\/10288","targetHints":{"allow":["GET"]}}],"collection":[{"href":"https:\/\/www.carseatsandparts.com\/es\/wp-json\/wp\/v2\/product"}],"about":[{"href":"https:\/\/www.carseatsandparts.com\/es\/wp-json\/wp\/v2\/types\/product"}],"replies":[{"embeddable":true,"href":"https:\/\/www.carseatsandparts.com\/es\/wp-json\/wp\/v2\/comments?post=10288"}],"wp:featuredmedia":[{"embeddable":true,"href":"https:\/\/www.carseatsandparts.com\/es\/wp-json\/wp\/v2\/media\/10931"}],"wp:attachment":[{"href":"https:\/\/www.carseatsandparts.com\/es\/wp-json\/wp\/v2\/media?parent=10288"}],"wp:term":[{"taxonomy":"product_brand","embeddable":true,"href":"https:\/\/www.carseatsandparts.com\/es\/wp-json\/wp\/v2\/product_brand?post=10288"},{"taxonomy":"product_cat","embeddable":true,"href":"https:\/\/www.carseatsandparts.com\/es\/wp-json\/wp\/v2\/product_cat?post=10288"},{"taxonomy":"product_tag","embeddable":true,"href":"https:\/\/www.carseatsandparts.com\/es\/wp-json\/wp\/v2\/product_tag?post=10288"}],"curies":[{"name":"wp","href":"https:\/\/api.w.org\/{rel}","templated":true}]}}

<p>Interior Volkswagen Golf 7 GTE acabado en tejido negro/gris/azul con estampado de cuadros y costuras azules. Instalación plug and play en un Golf 7. El interior procede de un coche de demostración y está como nuevo. Características: calefacción, ajuste manual de altura y ángulo, soporte lumbar manual y un ajuste manual del respaldo. Los airbags y cinturones de seguridad están todavía en estado original con este interior.</p>

Interior Volkswagen Golf 7 GTE acabado en tejido negro/gris/azul con estampado de cuadros y costuras azules. Instalación plug and play en un Golf 7. El interior procede de un coche de demostración y está como nuevo. Características: calefacción, ajuste manual de altura y ángulo, soporte lumbar manual y un ajuste manual del respaldo. Los airbags y cinturones de seguridad están todavía en estado original con este interior.
