{"id":10320,"date":"2022-12-15T13:09:38","date_gmt":"2022-12-15T12:09:38","guid":{"rendered":"https:\/\/www.carseatsandparts.com\/?post_type=product&#038;p=10320"},"modified":"2026-03-18T10:33:33","modified_gmt":"2026-03-18T09:33:33","slug":"interieur-vw-polo-6r-aw-stof-alcantara-zwart-grijs","status":"publish","type":"product","link":"https:\/\/www.carseatsandparts.com\/es\/producto\/interieur-vw-polo-6r-aw-stof-alcantara-zwart-grijs\/","title":{"rendered":"Interior VW Polo 6R (AW) Tela\/Alc\u00e1ntara Negro\/Gris"},"content":{"rendered":"<p>Interior Volkswagen Polo 6R acabado en tela negra y alc\u00e1ntara gris con costuras blancas. Plug and play instalar en un Polo 6, el interior proviene de un coche de demostraci\u00f3n y est\u00e1 como nuevo. Caracter\u00edsticas: ajuste manual de altura y \u00e1ngulo, apoyo lumbar manual y ajuste manual del respaldo. Los airbags y cinturones de seguridad est\u00e1n todav\u00eda en estado original con este interior. NOTA: \u00a1El interior es de un coche con volante a la derecha!<\/p>","protected":false},"excerpt":{"rendered":"Interior Volkswagen Polo 6R acabado en tela negra y alc\u00e1ntara gris con costuras blancas. Plug and play instalar en un Polo 6, el interior proviene de un coche de demostraci\u00f3n y est\u00e1 como nuevo. Caracter\u00edsticas: ajuste manual de altura y \u00e1ngulo, apoyo lumbar manual y ajuste manual del respaldo. Los airbags y cinturones de seguridad est\u00e1n todav\u00eda en estado original con este interior. NOTA: \u00a1El interior es de un coche con volante a la derecha!","protected":false},"featured_media":10592,"comment_status":"open","ping_status":"closed","template":"","meta":{"_acf_changed":false},"product_brand":[],"product_cat":[1355,115],"product_tag":[926,972,990,989,973],"class_list":{"0":"post-10320","1":"product","2":"type-product","3":"status-publish","4":"has-post-thumbnail","6":"product_cat-volkswagen","7":"product_cat-demo-interieurs","8":"product_tag-926","9":"product_tag-interieur","10":"product_tag-mk6","11":"product_tag-polo-6","12":"product_tag-volkswagen","13":"product_shipping_class-auto-interieurs","15":"first","16":"outofstock","17":"featured","18":"taxable","19":"shipping-taxable","20":"purchasable","21":"product-type-simple"},"composite_virtual":false,"composite_layout":"","composite_add_to_cart_form_location":"","composite_editable_in_cart":false,"composite_sold_individually_context":"","composite_shop_price_calc":"","composite_components":[],"composite_scenarios":[],"exclude_global_add_ons":[],"addons":[],"acf":[],"yoast_head":null,"yoast_head_json":null,"_links":{"self":[{"href":"https:\/\/www.carseatsandparts.com\/es\/wp-json\/wp\/v2\/product\/10320","targetHints":{"allow":["GET"]}}],"collection":[{"href":"https:\/\/www.carseatsandparts.com\/es\/wp-json\/wp\/v2\/product"}],"about":[{"href":"https:\/\/www.carseatsandparts.com\/es\/wp-json\/wp\/v2\/types\/product"}],"replies":[{"embeddable":true,"href":"https:\/\/www.carseatsandparts.com\/es\/wp-json\/wp\/v2\/comments?post=10320"}],"wp:featuredmedia":[{"embeddable":true,"href":"https:\/\/www.carseatsandparts.com\/es\/wp-json\/wp\/v2\/media\/10592"}],"wp:attachment":[{"href":"https:\/\/www.carseatsandparts.com\/es\/wp-json\/wp\/v2\/media?parent=10320"}],"wp:term":[{"taxonomy":"product_brand","embeddable":true,"href":"https:\/\/www.carseatsandparts.com\/es\/wp-json\/wp\/v2\/product_brand?post=10320"},{"taxonomy":"product_cat","embeddable":true,"href":"https:\/\/www.carseatsandparts.com\/es\/wp-json\/wp\/v2\/product_cat?post=10320"},{"taxonomy":"product_tag","embeddable":true,"href":"https:\/\/www.carseatsandparts.com\/es\/wp-json\/wp\/v2\/product_tag?post=10320"}],"curies":[{"name":"wp","href":"https:\/\/api.w.org\/{rel}","templated":true}]}}

Interior VW Polo 6R (AW) Tela/Alcántara Negro/Gris

<p>Interior Volkswagen Polo 6R acabado en tela negra y alcántara gris con costuras blancas. Plug and play instalar en un Polo 6, el interior proviene de un coche de demostración y está como nuevo. Características: ajuste manual de altura y ángulo, apoyo lumbar manual y ajuste manual del respaldo. Los airbags y cinturones de seguridad están todavía en estado original con este interior. NOTA: ¡El interior es de un coche con volante a la derecha!</p>

Interior Volkswagen Polo 6R acabado en tela negra y alcántara gris con costuras blancas. Plug and play instalar en un Polo 6, el interior proviene de un coche de demostración y está como nuevo. Características: ajuste manual de altura y ángulo, apoyo lumbar manual y ajuste manual del respaldo. Los airbags y cinturones de seguridad están todavía en estado original con este interior. NOTA: ¡El interior es de un coche con volante a la derecha!
