{"id":10435,"date":"2023-01-29T23:07:46","date_gmt":"2023-01-29T22:07:46","guid":{"rendered":"https:\/\/www.carseatsandparts.com\/?post_type=product&#038;p=10435"},"modified":"2026-03-12T14:10:51","modified_gmt":"2026-03-12T13:10:51","slug":"recaro-sportster-cs-met-bmw-m-logo","status":"publish","type":"product","link":"https:\/\/www.carseatsandparts.com\/fr\/produit\/recaro-sportster-cs-met-bmw-m-logo\/","title":{"rendered":"RECARO Sportster CS avec logo BMW M"},"content":{"rendered":"","protected":false},"excerpt":{"rendered":"Set de nouveaux RECARO Sportster CS ex\u00e9cut\u00e9s dans la variante de rev\u00eatement Dinamica\/cuir artificiel noir avec le logo BMW M. Num\u00e9ro d'article : 410.00.1S08 + 410.00.2S08\r\n<ul>\r\n \t<li>Dos r\u00e9glable en continu<\/li>\r\n \t<li>Le dossier se replie avec un dispositif de d\u00e9gagement int\u00e9gr\u00e9<\/li>\r\n \t<li>Le chauffage des si\u00e8ges et l'airbag lat\u00e9ral universel sont \u00e9galement disponibles en option.<\/li>\r\n<\/ul>","protected":false},"featured_media":18815,"comment_status":"open","ping_status":"closed","template":"","meta":{"_acf_changed":false},"product_brand":[],"product_cat":[112,1359],"product_tag":[947],"class_list":{"0":"post-10435","1":"product","2":"type-product","3":"status-publish","4":"has-post-thumbnail","6":"product_cat-nieuwe-autostoelen","7":"product_cat-recaro","8":"product_tag-410-00-1-2s08","9":"product_shipping_class-auto-interieurs","11":"first","12":"onbackorder","13":"taxable","14":"shipping-taxable","15":"purchasable","16":"product-type-simple"},"composite_virtual":false,"composite_layout":"","composite_add_to_cart_form_location":"","composite_editable_in_cart":false,"composite_sold_individually_context":"","composite_shop_price_calc":"","composite_components":[],"composite_scenarios":[],"exclude_global_add_ons":false,"addons":[{"name":"Stoelverwarming","type":"multiple_choice","position":0,"required":false,"title_format":"label","default":"","description_enable":true,"description":"Wil je stoelverwarming als extra optie?","placeholder_enable":false,"placeholder":"","display":"radiobutton","restrictions_type":"any_text","adjust_price":false,"price":"","price_type":"flat_fee","restrictions":false,"min":"0","max":"0","options":[{"label":"Stoelverwarming","price":"595","price_type":"flat_fee","image":0,"visibility":true}],"id":1717662158},{"name":"SAB","type":"multiple_choice","position":1,"required":false,"title_format":"label","default":"","description_enable":true,"description":"Wil je een zij airbag?","placeholder_enable":false,"placeholder":"","display":"radiobutton","restrictions_type":"any_text","adjust_price":false,"price":"","price_type":"flat_fee","restrictions":false,"min":"0","max":"0","options":[{"label":"SAB","price":"895","price_type":"flat_fee","image":0,"visibility":true}],"id":1717662159}],"acf":[],"yoast_head":null,"yoast_head_json":null,"_links":{"self":[{"href":"https:\/\/www.carseatsandparts.com\/fr\/wp-json\/wp\/v2\/product\/10435","targetHints":{"allow":["GET"]}}],"collection":[{"href":"https:\/\/www.carseatsandparts.com\/fr\/wp-json\/wp\/v2\/product"}],"about":[{"href":"https:\/\/www.carseatsandparts.com\/fr\/wp-json\/wp\/v2\/types\/product"}],"replies":[{"embeddable":true,"href":"https:\/\/www.carseatsandparts.com\/fr\/wp-json\/wp\/v2\/comments?post=10435"}],"wp:featuredmedia":[{"embeddable":true,"href":"https:\/\/www.carseatsandparts.com\/fr\/wp-json\/wp\/v2\/media\/18815"}],"wp:attachment":[{"href":"https:\/\/www.carseatsandparts.com\/fr\/wp-json\/wp\/v2\/media?parent=10435"}],"wp:term":[{"taxonomy":"product_brand","embeddable":true,"href":"https:\/\/www.carseatsandparts.com\/fr\/wp-json\/wp\/v2\/product_brand?post=10435"},{"taxonomy":"product_cat","embeddable":true,"href":"https:\/\/www.carseatsandparts.com\/fr\/wp-json\/wp\/v2\/product_cat?post=10435"},{"taxonomy":"product_tag","embeddable":true,"href":"https:\/\/www.carseatsandparts.com\/fr\/wp-json\/wp\/v2\/product_tag?post=10435"}],"curies":[{"name":"wp","href":"https:\/\/api.w.org\/{rel}","templated":true}]}}

Set de nouveaux RECARO Sportster CS exécutés dans la variante de revêtement Dinamica/cuir artificiel noir avec le logo BMW M. Numéro d'article : 410.00.1S08 + 410.00.2S08
<ul>
 	<li>Dos réglable en continu</li>
 	<li>Le dossier se replie avec un dispositif de dégagement intégré</li>
 	<li>Le chauffage des sièges et l'airbag latéral universel sont également disponibles en option.</li>
</ul>
