{"id":16746,"date":"2025-05-27T11:14:15","date_gmt":"2025-05-27T09:14:15","guid":{"rendered":"https:\/\/www.carseatsandparts.com\/?post_type=product&#038;p=16746"},"modified":"2026-01-08T09:32:13","modified_gmt":"2026-01-08T08:32:13","slug":"sparco-evo-l-qrt","status":"publish","type":"product","link":"https:\/\/www.carseatsandparts.com\/fr\/produit\/sparco-evo-l-qrt\/","title":{"rendered":"Sparco EVO L QRT"},"content":{"rendered":"","protected":false},"excerpt":{"rendered":"La tr\u00e8s populaire gamme de si\u00e8ges Evo a \u00e9t\u00e9 am\u00e9lior\u00e9e gr\u00e2ce \u00e0 l'introduction de la production QRT. Ce processus a permis de r\u00e9duire consid\u00e9rablement le poids, qui n'est plus que de 6,8 kg pour la taille standard de l'Evo.\r\n<ul>\r\n \t<li>Production QRT pour une chaise beaucoup plus l\u00e9g\u00e8re<\/li>\r\n \t<li>Tailles standard (Evo) ou Evo L et Evo XL pour un plus grand nombre de conducteurs<\/li>\r\n \t<li>Le mat\u00e9riau antid\u00e9rapant plac\u00e9 aux endroits strat\u00e9giques r\u00e9duit les mouvements du corps pour plus de confort et de s\u00e9curit\u00e9.<\/li>\r\n<\/ul>\r\nDe Sparco Evo wedstrijdstoelen zijn ontwikkeld in samenwerking met vele vooraanstaande coureurs en teams om een stoel te produceren die bij uitstek geschikt is voor circuitraces maar ook prima te gebruiken is in rallyauto&#8217;s. Het QRT-productieproces in combinatie met de schaalvorm zorgt voor meer stijfheid. Een laag beenkussen en een tweedelig lendenkussen worden gebruikt voor meer comfort.\r\n\r\n<strong>FIA 8855-1999 approuv\u00e9<\/strong>","protected":false},"featured_media":16750,"comment_status":"open","ping_status":"closed","template":"","meta":{"_acf_changed":false},"product_brand":[2524],"product_cat":[2518,2519,2520],"product_tag":[2209,2523],"class_list":{"0":"post-16746","1":"product","2":"type-product","3":"status-publish","4":"has-post-thumbnail","6":"product_brand-sparco","7":"product_cat-motorsport","8":"product_cat-racekuipen","9":"product_cat-sparco","10":"product_tag-motorsport","11":"product_tag-sparco","12":"product_shipping_class-auto-stoelen","14":"first","15":"instock","16":"sale","17":"taxable","18":"shipping-taxable","19":"purchasable","20":"product-type-simple"},"composite_virtual":false,"composite_layout":"","composite_add_to_cart_form_location":"","composite_editable_in_cart":false,"composite_sold_individually_context":"","composite_shop_price_calc":"","composite_components":[],"composite_scenarios":[],"exclude_global_add_ons":[],"addons":[],"acf":[],"yoast_head":null,"yoast_head_json":null,"_links":{"self":[{"href":"https:\/\/www.carseatsandparts.com\/fr\/wp-json\/wp\/v2\/product\/16746","targetHints":{"allow":["GET"]}}],"collection":[{"href":"https:\/\/www.carseatsandparts.com\/fr\/wp-json\/wp\/v2\/product"}],"about":[{"href":"https:\/\/www.carseatsandparts.com\/fr\/wp-json\/wp\/v2\/types\/product"}],"replies":[{"embeddable":true,"href":"https:\/\/www.carseatsandparts.com\/fr\/wp-json\/wp\/v2\/comments?post=16746"}],"wp:featuredmedia":[{"embeddable":true,"href":"https:\/\/www.carseatsandparts.com\/fr\/wp-json\/wp\/v2\/media\/16750"}],"wp:attachment":[{"href":"https:\/\/www.carseatsandparts.com\/fr\/wp-json\/wp\/v2\/media?parent=16746"}],"wp:term":[{"taxonomy":"product_brand","embeddable":true,"href":"https:\/\/www.carseatsandparts.com\/fr\/wp-json\/wp\/v2\/product_brand?post=16746"},{"taxonomy":"product_cat","embeddable":true,"href":"https:\/\/www.carseatsandparts.com\/fr\/wp-json\/wp\/v2\/product_cat?post=16746"},{"taxonomy":"product_tag","embeddable":true,"href":"https:\/\/www.carseatsandparts.com\/fr\/wp-json\/wp\/v2\/product_tag?post=16746"}],"curies":[{"name":"wp","href":"https:\/\/api.w.org\/{rel}","templated":true}]}}

La très populaire gamme de sièges Evo a été améliorée grâce à l'introduction de la production QRT. Ce processus a permis de réduire considérablement le poids, qui n'est plus que de 6,8 kg pour la taille standard de l'Evo.
<ul>
 	<li>Production QRT pour une chaise beaucoup plus légère</li>
 	<li>Tailles standard (Evo) ou Evo L et Evo XL pour un plus grand nombre de conducteurs</li>
 	<li>Le matériau antidérapant placé aux endroits stratégiques réduit les mouvements du corps pour plus de confort et de sécurité.</li>
</ul>
De Sparco Evo wedstrijdstoelen zijn ontwikkeld in samenwerking met vele vooraanstaande coureurs en teams om een stoel te produceren die bij uitstek geschikt is voor circuitraces maar ook prima te gebruiken is in rallyauto&#8217;s. Het QRT-productieproces in combinatie met de schaalvorm zorgt voor meer stijfheid. Een laag beenkussen en een tweedelig lendenkussen worden gebruikt voor meer comfort.

<strong>FIA 8855-1999 approuvé</strong>
